 divided by i(0).
1
Suppose 0 = -c + 5, -2*o - 2*o = 2*c - 498. Suppose 4 = 4*n - 0*n. Suppose 4*x - n = -2*w + 153, x = -w + 36. What is the remainder when o is divided by x?
40
Suppose 34*k - 816 = 30*k. Suppose -219*l - k = -231*l. Calculate the remainder when 93 is divided by l.
8
Let a(d) = -23*d + 2919. Let h = 44 + -21. What is the remainder when a(121) is divided by h?
21
Suppose -2*n = -3*n + 5*y + 70, -5*n + 290 = -5*y. Let t = n + -13. What is the remainder when t is divided by (((-45)/3)/(-15))/(1*6/132)?
20
Calculate the remainder when 4806 is divided by 6604/36 + (-56)/(-36).
181
Let s = 206 + 38. Suppose 2*k - 241 = 7*v - 8*v, 2*k = -2*v + s. Let c(l) = -l**3 - 4*l**2 + 5*l - 2. Calculate the remainder when k is divided by c(-6).
39
Suppose -282*j + 281*j - 7 = 0. What is the remainder when (186/(-10) - j)*-15 is divided by 35?
34
Let q(k) = -k**3 + 7*k**2 - 3*k + 24. Let j be q(7). Let s be j/(3/(-996)*-4). Let g = s + -148. What is the remainder when g is divided by 26?
23
Let w = -252 - -265. Suppose w*d - 128 = -4*j + 10*d, 5*d = 0. Suppose 102 = v - 89. Calculate the remainder when v is divided by j.
31
Suppose 29*f + 156604 - 378512 = 0. Calculate the remainder when f is divided by 86.
84
Suppose 5*u = 12*u - 1820. Suppose 4*k = 9*m - 14*m + 264, 4*k - u = -4*m. Suppose -65*z = -k*z - 48. Calculate the remainder when 45 is divided by z.
9
Suppose -4*u + u = -465. Calculate the remainder when u is divided by ((-5246)/(-43) - 49) + 6 + (-2)/(-2).
75
Let i(c) be the third derivative of 1/20*c**5 + 0 - 1/8*c**4 + 0*c + 1/6*c**3 + 16*c**2. Calculate the remainder when 35 is divided by i(-2).
16
Let u = -154613 - -154671. Suppose 0 = -5*q + 249 + 311. What is the remainder when q is divided by u?
54
Suppose 2*w + 14810 = -8*w. Let h = w + 2161. Suppose h = 3*t + 7*t. What is the remainder when t is divided by 24?
20
Let u(c) = 160*c - 782. What is the remainder when 764 is divided by u(7)?
88
Let x(n) = n**3 - 8*n**2 + 7*n - 10. Let h be x(8). Suppose 42*w = h*w - 416. Suppose -272 = -6*a - w. Calculate the remainder when a is divided by 11.
6
Let h = -13001 - -13287. What is the remainder when h is divided by 123?
40
Suppose 0 = 5*i + 5*h - 800, 4*h - h = 0. What is the remainder when 166 is divided by i?
6
Let l = 70 - 189. Let m = l - -179. Calculate the remainder when 32 is divided by 32/3 + 20/m.
10
Suppose 530*g - 534*g + 20 = 0. Suppose -g*b + 6 = -9. Calculate the remainder when 84 is divided by b.
0
Let b = 50 - 59. Let k = 12 + b. Suppose 206 = 5*h + g + g, k*g = 5*h - 191. What is the remainder when 117 is divided by h?
37
Let o = 433 + -430. Suppose -4*m = -2*m + o*p - 276, -5*m + 3*p + 669 = 0. Calculate the remainder when m is divided by 55.
25
Let m = 87 + -60. Suppose 2*n = -5*h + 2 + 67, n + 5*h - m = 0. What is the remainder when 75 is divided by n?
33
Let r = 229 - 125. Let g = r + -87. Calculate the remainder when 55 is divided by g.
4
Let h(o) = -4*o**2 - 77*o + 46. What is the remainder when h(-14) is divided by 3?
1
Calculate the remainder when 58 is divided by (-3 + 2 + 2)/((-636)/72 + 9).
4
Let z = -16237 + 16394. Calculate the remainder when 324 is divided by z.
10
Let k(t) = 699*t**2 + 24*t + 23. Let r be k(-1). Let p = r - 668. What is the remainder when 50 is divided by p?
20
Let j = -9916 + 9951. What is the remainder when (2 + 2)/4*134 is divided by j?
29
Let s = -8381 - -8435. Calculate the remainder when 73 is divided by s.
19
Calculate the remainder when 495 is divided by (2/(-6))/((-80)/10080).
33
Suppose 5*i = 4*y + 40, -5*i - 94*y = -89*y + 5. Let s(p) = p**2 + 9*p + 2. Let b be s(-9). Suppose f = 11 + b. What is the remainder when f is divided by i?
1
Let y(t) = -t**3 - 2*t**2 + 2*t - 1. Let h be y(-3). Calculate the remainder when 3/((-6)/4) + 25 is divided by -4 + h + 21 + -6.
10
Suppose 0 = 4*k - 15*k + 22. Calculate the remainder when (-12 - k)/(3/(-57)*2) is divided by 34.
31
Let t = 268 - 259. Calculate the remainder when 3/(t/(-12)) - -29 is divided by 15.
10
Suppose 2*t + 166*b - 163*b - 212 = 0, 0 = -3*t + 4*b + 352. Calculate the remainder when 886 is divided by t.
102
Let k be ((-11)/(-55) - (-14)/5) + -2. Let p(l) = -3*l + 6. Let t be p(k). Let n = 28 + t. What is the remainder when n is divided by 17?
14
Let y(g) = 10*g**2 + 5*g + 6. Let o be y(3). Suppose -4*p + o = 5*l, -l + p - 6 = -21. Calculate the remainder when 36 is divided by l.
17
Suppose 0 = 8*j - 27*j - 19*j + 4484. What is the remainder when 1072 is divided by j?
10
Let b = -72 - -49. Let w = b - -28. Let i(m) = m**2 + 8*m - 15. What is the remainder when i(w) is divided by 19?
12
Suppose 4*o - 5*t = 94, -211 = 5*o - 2*t - 303. Calculate the remainder when 1551 is divided by o.
15
Let c(q) = 19*q**2 - 2*q - 10. Let f be c(-3). Let y = f + -114. Calculate the remainder when 261 is divided by y.
49
Let n = -6042 + 6060. Calculate the remainder when n is divided by 6/(-4)*3/((-18)/8).
0
Suppose -9238 = 597*s - 90430. Let u = 1 - -3. What is the remainder when s is divided by u?
0
Let d(v) = 3*v - 6. Let t(b) = -6*b - 48. Let m be t(-16). Suppose 2*f - 7*o + 3*o = m, -5*o + 38 = f. Calculate the remainder when f is divided by d(4).
4
Let v = -38 + 38. Suppose -11*d + 375 - 56 = v. Suppose 33*j - 36 = d*j. What is the remainder when 11 is divided by j?
2
Suppose 67*v = 60*v + 14. Suppose -53 + 9 = -v*a. Let g = 261 + -109. Calculate the remainder when g is divided by a.
20
Let w = 30 + -18. Suppose -411 = -3*x - 4*l, -7*l - 156 = -x - 2*l. Let u = x - 96. What is the remainder when u is divided by w?
9
Let d = 642 + 758. What is the remainder when 2808 is divided by d?
8
What is the remainder when 360 is divided by (-2)/(-8) - 62670/(-1000) - 4/(-50)?
45
Let n(t) = t**3 + 22*t**2 - 7*t + 11. Let c be n(-22). Suppose -750*m + 745*m + c = 0. What is the remainder when 112 is divided by m?
13
Suppose -3*k = a + 7, 4*k + k + 10 = 0. Suppose 0 = 5*t + 3*w - 22, -w + 889 = 4*t + 870. Calculate the remainder when a/(-4) + 201/12 is divided by t.
2
Let r = 2052 - -491. Calculate the remainder when r is divided by 12.
11
Let x = -168 - -208. Let i = -6 - -8. Suppose 7*h - i*h = x. Calculate the remainder when 13 is divided by h.
5
Let w(d) = 4*d**3 + d - 6. Let j be w(3). Let q be 4/(-5)*j/(-42). Suppose x = -4, -4*l + 126 + 38 = q*x. Calculate the remainder when l is divided by 15.
13
Let m(b) = -323*b - 6933. What is the remainder when 532 is divided by m(-22)?
13
Suppose 2 = 2*h, -2*q + 127 = -2*h + 45. What is the remainder when 81 is divided by q?
39
Let s(b) be the first derivative of 3*b**4/4 - 10*b**3/3 + 9*b**2/2 + 2*b - 192. What is the remainder when 95 is divided by s(3)?
15
Let s = 8807 + -8156. Calculate the remainder when 660 is divided by s.
9
Suppose 5*n = -25, -4*f + n = -2178 + 333. What is the remainder when 1389 is divided by f?
9
Let m be 1165/15 - (-4)/(-6). Let j be 15/45 - m/(-3). Suppose -8*w + 54 = -j. Calculate the remainder when 67 is divided by w.
7
Suppose 0 = -5*m + 4*w - 6, -200*m = -204*m + 2*w. Calculate the remainder when 44 is divided by m.
0
Let x = -47 - -58. Suppose 9*b + x*b = 600. Calculate the remainder when 449 is divided by b.
29
Let k = 10576 - 9527. What is the remainder when k is divided by 31?
26
Suppose 425*y + 10702 = 171777. What is the remainder when y is divided by -3*(-2 - (-89)/(-3))?
94
Let s be (1 - 6/4)*0. Suppose 0 = -45*k + 2528 - 638. Suppose 5*a - k = -i - s*i, a = -3*i. What is the remainder when a is divided by 3?
0
Let h(s) = -s**3 + 6*s**2 - 2*s + 28. Suppose 3*b + 6 = 0, -4*b + 0*b = 4*j - 12. Calculate the remainder when h(j) is divided by 15.
13
Suppose -5*t + 16 = -4*g, -8*g - 17 = -3*t - 13*g. Suppose -t*i + 116 = -88. What is the remainder when i is divided by 9?
6
Let y = -62 + 66. Let c(d) = -1 + 4*d + 10*d - y - 22*d. What is the remainder when 20 is divided by c(-2)?
9
Let n(t) = 2*t**2 + 61*t + 37. Let q(b) = 10*b - 80. Let y be q(5). Calculate the remainder when n(y) is divided by 5.
2
Calculate the remainder when (10 + 860/(-129))/((-9476)/(-9474) + -1) is divided by 12.
10
Suppose 6*r - 4*j = -9 + 701, 3*r + 3*j - 366 = 0. What is the remainder when r is divided by (0 - 14/(-6))*9?
13
Let y(j) = 265*j + 7019. Calculate the remainder when y(-26) 